{"id":9045,"date":"2025-02-19T00:34:20","date_gmt":"2025-02-18T21:34:20","guid":{"rendered":"https:\/\/elipsdizayn.com\/cevizbasim\/?page_id=9045"},"modified":"2025-02-26T22:17:36","modified_gmt":"2025-02-26T19:17:36","slug":"uv-baski","status":"publish","type":"page","link":"https:\/\/cevizbasim.com\/?page_id=9045","title":{"rendered":"UV Bask\u0131"},"content":{"rendered":"\t\t<div data-elementor-type=\"wp-page\" data-elementor-id=\"9045\" class=\"elementor elementor-9045\">\n\t\t\t\t\t\t<section class=\"elementor-section elementor-top-section elementor-element elementor-element-db5f91c elementor-section-full_width elementor-section-height-default elementor-section-height-default\" data-id=\"db5f91c\" data-element_type=\"section\">\n\t\t\t\t\t\t<div class=\"elementor-container elementor-column-gap-no\">\n\t\t\t\t\t<div class=\"elementor-column elementor-col-100 elementor-top-column elementor-element elementor-element-baa3f78\" data-id=\"baa3f78\" data-element_type=\"column\">\n\t\t\t<div class=\"elementor-widget-wrap\">\n\t\t\t\t\t\t\t<\/div>\n\t\t<\/div>\n\t\t\t\t\t<\/div>\n\t\t<\/section>\n\t\t\t\t<section class=\"elementor-section elementor-top-section elementor-element elementor-element-c35313e elementor-section-stretched elementor-section-full_width elementor-section-height-min-height elementor-section-height-default elementor-section-items-middle\" data-id=\"c35313e\" data-element_type=\"section\" data-settings=\"{&quot;stretch_section&quot;:&quot;section-stretched&quot;,&quot;background_background&quot;:&quot;classic&quot;}\">\n\t\t\t\t\t\t<div class=\"elementor-container elementor-column-gap-no\">\n\t\t\t\t\t<div class=\"elementor-column elementor-col-50 elementor-top-column elementor-element elementor-element-9e047da\" data-id=\"9e047da\" data-element_type=\"column\">\n\t\t\t<div class=\"elementor-widget-wrap elementor-element-populated\">\n\t\t\t\t\t\t<div class=\"elementor-element elementor-element-292d48e elementor-widget elementor-widget-image\" data-id=\"292d48e\" data-element_type=\"widget\" data-widget_type=\"image.default\">\n\t\t\t\t<div class=\"elementor-widget-container\">\n\t\t\t\t\t\t\t\t\t\t\t\t\t\t\t<img fetchpriority=\"high\" decoding=\"async\" width=\"1000\" height=\"453\" src=\"https:\/\/cevizbasim.com\/wp-content\/uploads\/2025\/02\/hizmetler_UV_baski.jpg\" class=\"attachment-2048x2048 size-2048x2048 wp-image-9199\" alt=\"\" srcset=\"https:\/\/cevizbasim.com\/wp-content\/uploads\/2025\/02\/hizmetler_UV_baski.jpg 1000w, https:\/\/cevizbasim.com\/wp-content\/uploads\/2025\/02\/hizmetler_UV_baski-300x136.jpg 300w, https:\/\/cevizbasim.com\/wp-content\/uploads\/2025\/02\/hizmetler_UV_baski-768x348.jpg 768w\" sizes=\"(max-width: 1000px) 100vw, 1000px\" \/>\t\t\t\t\t\t\t\t\t\t\t\t\t\t\t<\/div>\n\t\t\t\t<\/div>\n\t\t\t\t\t<\/div>\n\t\t<\/div>\n\t\t\t\t<div class=\"elementor-column elementor-col-50 elementor-top-column elementor-element elementor-element-d413a0c\" data-id=\"d413a0c\" data-element_type=\"column\">\n\t\t\t<div class=\"elementor-widget-wrap elementor-element-populated\">\n\t\t\t\t\t\t<div class=\"elementor-element elementor-element-3483c59 elementor-widget elementor-widget-heading\" data-id=\"3483c59\" data-element_type=\"widget\" data-widget_type=\"heading.default\">\n\t\t\t\t<div class=\"elementor-widget-container\">\n\t\t\t\t\t<h4 class=\"elementor-heading-title elementor-size-default\">ultraviyole k\u00fcrleme teknolojisi kullanan bir bask\u0131 i\u015flemidir.<\/h4>\t\t\t\t<\/div>\n\t\t\t\t<\/div>\n\t\t\t\t<div class=\"elementor-element elementor-element-b673f4a elementor-widget elementor-widget-heading\" data-id=\"b673f4a\" data-element_type=\"widget\" data-widget_type=\"heading.default\">\n\t\t\t\t<div class=\"elementor-widget-container\">\n\t\t\t\t\t<h3 class=\"elementor-heading-title elementor-size-default\">UV Bask\u0131<\/h3>\t\t\t\t<\/div>\n\t\t\t\t<\/div>\n\t\t\t\t\t<\/div>\n\t\t<\/div>\n\t\t\t\t\t<\/div>\n\t\t<\/section>\n\t\t\t\t<section class=\"elementor-section elementor-top-section elementor-element elementor-element-af26ada elementor-section-stretched elementor-section-boxed elementor-section-height-default elementor-section-height-default\" data-id=\"af26ada\" data-element_type=\"section\" data-settings=\"{&quot;stretch_section&quot;:&quot;section-stretched&quot;,&quot;background_background&quot;:&quot;classic&quot;}\">\n\t\t\t\t\t\t<div class=\"elementor-container elementor-column-gap-no\">\n\t\t\t\t\t<div class=\"elementor-column elementor-col-50 elementor-top-column elementor-element elementor-element-d2c76f6\" data-id=\"d2c76f6\" data-element_type=\"column\">\n\t\t\t<div class=\"elementor-widget-wrap elementor-element-populated\">\n\t\t\t\t\t\t<div class=\"elementor-element elementor-element-901d05d elementor-widget elementor-widget-heading\" data-id=\"901d05d\" data-element_type=\"widget\" data-widget_type=\"heading.default\">\n\t\t\t\t<div class=\"elementor-widget-container\">\n\t\t\t\t\t<h4 class=\"elementor-heading-title elementor-size-default\">Ka\u011f\u0131t, ah\u015fap, metal, deri, folyo, plastik...<\/h4>\t\t\t\t<\/div>\n\t\t\t\t<\/div>\n\t\t\t\t<div class=\"elementor-element elementor-element-d9947b3 elementor-widget elementor-widget-heading\" data-id=\"d9947b3\" data-element_type=\"widget\" data-widget_type=\"heading.default\">\n\t\t\t\t<div class=\"elementor-widget-container\">\n\t\t\t\t\t<h3 class=\"elementor-heading-title elementor-size-default\">UV Bask\u0131\n<\/h3>\t\t\t\t<\/div>\n\t\t\t\t<\/div>\n\t\t\t\t<div class=\"elementor-element elementor-element-8f959b8 elementor-widget elementor-widget-text-editor\" data-id=\"8f959b8\" data-element_type=\"widget\" data-widget_type=\"text-editor.default\">\n\t\t\t\t<div class=\"elementor-widget-container\">\n\t\t\t\t\t\t\t\t\t<p>UV Bask\u0131, ultraviyole k\u00fcrleme teknolojisi kullanan bir bask\u0131 i\u015flemidir.<\/p><p>Ultraviyole Bask\u0131 olarak da bilinen UV Bask\u0131 i\u015flemi, ultraviyole (UV) \u0131\u015f\u0131\u011fa maruz kald\u0131\u011f\u0131nda \u00e7abuk kurumas\u0131 i\u00e7in form\u00fcle edilmi\u015f \u00f6zel m\u00fcrekkepleri i\u00e7erir.<\/p><p>Ka\u011f\u0131t, ah\u015fap, metal, deri, folyo, plastik gibi bir \u00e7ok malzeme bask\u0131 makinesinde i\u015flemdeyken, \u00f6ncelikle m\u00fcrekkep p\u00fcsk\u00fcrt\u00fcl\u00fcr. Bu m\u00fcrekkep malzeme y\u00fczeyinde \u0131slak durumda iken hemen UV \u0131\u015f\u0131\u011f\u0131na maruz kal\u0131r. UV \u0131\u015f\u0131\u011f\u0131 m\u00fcrekkebi an\u0131nda kuruttu\u011fundan, m\u00fcrekkebin s\u0131zma veya yay\u0131lma \u015fans\u0131 yoktur. Bu nedenle, g\u00f6r\u00fcnt\u00fcler ve metinler daha net bir \u015fekilde yazd\u0131r\u0131l\u0131r.<\/p>\t\t\t\t\t\t\t\t<\/div>\n\t\t\t\t<\/div>\n\t\t\t\t<div class=\"elementor-element elementor-element-bb0fefd elementor-widget elementor-widget-text-editor\" data-id=\"bb0fefd\" data-element_type=\"widget\" data-widget_type=\"text-editor.default\">\n\t\t\t\t<div class=\"elementor-widget-container\">\n\t\t\t\t\t\t\t\t\t<div class=\"elementor-element elementor-element-7a37821 elementor-widget elementor-widget-text-editor\" data-id=\"7a37821\" data-element_type=\"widget\" data-settings=\"{&quot;navigation&quot;:&quot;both&quot;}\" data-widget_type=\"text-editor.default\"><div class=\"elementor-widget-container\"><h3 class=\"elementor-heading-title elementor-size-default\">UV Bask\u0131\u2019n\u0131n Avantajlar\u0131 Nelerdir?<\/h3><p>M\u00fcrekkep bask\u0131dan \u00e7\u0131kt\u0131\u011f\u0131 anda kurumu\u015f haldedir. Sonraki i\u015flemler i\u00e7in boyan\u0131n kurumas\u0131 beklenmez ve zamandan tasarruf edilir.<\/p><p>Ka\u011f\u0131t, ah\u015fap, metal, deri, kuma\u015f, folyo, plastik, cam vs. gibi bir \u00e7ok malzemede \u00e7ok kaliteli bask\u0131 sonu\u00e7lar\u0131 al\u0131nabilir.<\/p><p>UV ile sertle\u015fen m\u00fcrekkep, ta\u015f\u0131ma ve nakliye s\u0131ras\u0131nda \u00e7izilmelere daha dayan\u0131kl\u0131d\u0131r. Ayr\u0131ca solmaya kar\u015f\u0131 dayan\u0131kl\u0131d\u0131r.<\/p><p>Bask\u0131 daha keskin ve canl\u0131d\u0131r. M\u00fcrekkep \u00e7ok h\u0131zl\u0131 kurudu\u011fundan, alt tabakaya yay\u0131lma veya emilme \u015fans\u0131 yoktur. Sonu\u00e7 olarak, bask\u0131 canl\u0131 ve net kal\u0131r.<\/p><p>UV bask\u0131 i\u015flemi \u00e7evreye daha duyarl\u0131d\u0131r. UV ile k\u00fcrlenmi\u015f m\u00fcrekkepler solvent bazl\u0131 olmad\u0131\u011f\u0131ndan, havaya buharla\u015facak hi\u00e7bir zararl\u0131 madde yoktur.<\/p><\/div><\/div>\t\t\t\t\t\t\t\t<\/div>\n\t\t\t\t<\/div>\n\t\t\t\t<div class=\"elementor-element elementor-element-4dcd4a2 elementor-widget elementor-widget-text-editor\" data-id=\"4dcd4a2\" data-element_type=\"widget\" data-widget_type=\"text-editor.default\">\n\t\t\t\t<div class=\"elementor-widget-container\">\n\t\t\t\t\t\t\t\t\t<div class=\"elementor-element elementor-element-7a37821 elementor-widget elementor-widget-text-editor\" data-id=\"7a37821\" data-element_type=\"widget\" data-settings=\"{&quot;navigation&quot;:&quot;both&quot;}\" data-widget_type=\"text-editor.default\">\n<div class=\"elementor-widget-container\">\n<h3 class=\"elementor-heading-title elementor-size-default\">Uygulama Alanlar\u0131:<\/h3>\n<ul class=\"ul1\">\n \t<li class=\"li2\"><span class=\"s3\">Metal Panolar<\/span><\/li>\n \t<li class=\"li2\"><span class=\"s3\">PVC i\u00e7erikli plakalar<\/span><\/li>\n \t<li class=\"li2\"><span class=\"s3\">Tekstil \u00dcr\u00fcnleri<\/span><\/li>\n \t<li class=\"li2\"><span class=\"s3\">Suni Deri<\/span><\/li>\n \t<li class=\"li2\"><span class=\"s3\">Vinil Rulolar<\/span><\/li>\n \t<li class=\"li2\"><span class=\"s3\">Cam Y\u00fczeyler<\/span><\/li>\n \t<li class=\"li2\"><span class=\"s3\">Tekstil \u00dcr\u00fcnleri<\/span><\/li>\n \t<li class=\"li2\"><span class=\"s3\">Ah\u015faplara<\/span><\/li>\n \t<li class=\"li2\"><span class=\"s3\">Ta\u015f Y\u00fczeyler<\/span><\/li>\n \t<li class=\"li3\"><span class=\"s1\">Seramiklere\u2026.<\/span><\/li>\n<\/ul>\n<\/div>\n<\/div>\t\t\t\t\t\t\t\t<\/div>\n\t\t\t\t<\/div>\n\t\t\t\t\t<\/div>\n\t\t<\/div>\n\t\t\t\t<div class=\"elementor-column elementor-col-50 elementor-top-column elementor-element elementor-element-81e0fb6\" data-id=\"81e0fb6\" data-element_type=\"column\" data-settings=\"{&quot;background_background&quot;:&quot;classic&quot;}\">\n\t\t\t<div class=\"elementor-widget-wrap elementor-element-populated\">\n\t\t\t\t\t\t<div class=\"elementor-element elementor-element-1331de5 elementor-widget elementor-widget-printify_about_left\" data-id=\"1331de5\" data-element_type=\"widget\" data-widget_type=\"printify_about_left.default\">\n\t\t\t\t<div class=\"elementor-widget-container\">\n\t\t\t\t\t\t\t\n\t\t\n\t\t<section class=\"kuk welcome-section sec-pad\">\n\t\t\t<div class=\"thm-container\">\n\t\t\t\t<div class=\"row\">\n\t\t\t\t\t<div class=\"col-md-12\">\n\t\t\t\t\t\t<div class=\"img-box\">\n\t\t\t\t\t\t\t<div class=\"welcome-img-box\">\n\t\t\t\t\t\t\t\t\t\t\t\t\t\t\t\t<img decoding=\"async\" src=\"https:\/\/cevizbasim.com\/wp-content\/uploads\/2021\/01\/welcome-1-1.jpg\" alt=\"\"\/>\n\t\t\t\t\t\t\t\t\t\t\t\t\t\t\t<\/div><!-- \/.welcome-img-box -->\n\t\t\t\t\t\t\t<div class=\"welcome-img-box-two\">\n\t\t\t\t\t\t\t\t\t\t\t\t\t\t\t\t<img decoding=\"async\" src=\"https:\/\/cevizbasim.com\/wp-content\/uploads\/2025\/02\/UV-BASKI-welcome-1-2.jpg\" alt=\"\"\/>\n\t\t\t\t\t\t\t\t\t\t\t\t\t\t\t<\/div>\n\t\t\t\t\t\t<\/div>\n\t\t\t\t\t<\/div>\n\t\t\t\t<\/div>\n\t\t\t<\/div>\n\t\t<\/section>\n                   \n                \n\t\t\t\t\t\t<\/div>\n\t\t\t\t<\/div>\n\t\t\t\t\t<\/div>\n\t\t<\/div>\n\t\t\t\t\t<\/div>\n\t\t<\/section>\n\t\t\t\t<\/div>\n\t\t","protected":false},"excerpt":{"rendered":"<p>ultraviyole k\u00fcrleme teknolojisi kullanan bir bask\u0131 i\u015flemidir. UV Bask\u0131 Ka\u011f\u0131t, ah\u015fap, metal, deri, folyo, plastik&#8230; UV Bask\u0131 UV Bask\u0131, ultraviyole k\u00fcrleme teknolojisi kullanan bir bask\u0131 i\u015flemidir. Ultraviyole Bask\u0131 olarak da bilinen UV Bask\u0131 i\u015flemi, ultraviyole (UV) \u0131\u015f\u0131\u011fa maruz kald\u0131\u011f\u0131nda \u00e7abuk kurumas\u0131 i\u00e7in form\u00fcle edilmi\u015f \u00f6zel m\u00fcrekkepleri i\u00e7erir. Ka\u011f\u0131t, ah\u015fap, metal, deri, folyo, plastik gibi bir [&hellip;]<\/p>\n","protected":false},"author":1,"featured_media":0,"parent":0,"menu_order":0,"comment_status":"closed","ping_status":"closed","template":"elementor_header_footer","meta":{"footnotes":""},"class_list":["post-9045","page","type-page","status-publish","hentry"],"_links":{"self":[{"href":"https:\/\/cevizbasim.com\/index.php?rest_route=\/wp\/v2\/pages\/9045","targetHints":{"allow":["GET"]}}],"collection":[{"href":"https:\/\/cevizbasim.com\/index.php?rest_route=\/wp\/v2\/pages"}],"about":[{"href":"https:\/\/cevizbasim.com\/index.php?rest_route=\/wp\/v2\/types\/page"}],"author":[{"embeddable":true,"href":"https:\/\/cevizbasim.com\/index.php?rest_route=\/wp\/v2\/users\/1"}],"replies":[{"embeddable":true,"href":"https:\/\/cevizbasim.com\/index.php?rest_route=%2Fwp%2Fv2%2Fcomments&post=9045"}],"version-history":[{"count":10,"href":"https:\/\/cevizbasim.com\/index.php?rest_route=\/wp\/v2\/pages\/9045\/revisions"}],"predecessor-version":[{"id":9267,"href":"https:\/\/cevizbasim.com\/index.php?rest_route=\/wp\/v2\/pages\/9045\/revisions\/9267"}],"wp:attachment":[{"href":"https:\/\/cevizbasim.com\/index.php?rest_route=%2Fwp%2Fv2%2Fmedia&parent=9045"}],"curies":[{"name":"wp","href":"https:\/\/api.w.org\/{rel}","templated":true}]}}