{"id":9070,"date":"2025-02-19T22:14:22","date_gmt":"2025-02-19T19:14:22","guid":{"rendered":"https:\/\/elipsdizayn.com\/cevizbasim\/?page_id=9070"},"modified":"2025-02-23T15:17:01","modified_gmt":"2025-02-23T12:17:01","slug":"matbaa","status":"publish","type":"page","link":"https:\/\/cevizbasim.com\/?page_id=9070","title":{"rendered":"Matbaa"},"content":{"rendered":"\t\t<div data-elementor-type=\"wp-page\" data-elementor-id=\"9070\" class=\"elementor elementor-9070\">\n\t\t\t\t\t\t<section class=\"elementor-section elementor-top-section elementor-element elementor-element-ef06493 elementor-section-full_width elementor-section-height-default elementor-section-height-default\" data-id=\"ef06493\" data-element_type=\"section\">\n\t\t\t\t\t\t<div class=\"elementor-container elementor-column-gap-no\">\n\t\t\t\t\t<div class=\"elementor-column elementor-col-100 elementor-top-column elementor-element elementor-element-b500390\" data-id=\"b500390\" data-element_type=\"column\">\n\t\t\t<div class=\"elementor-widget-wrap\">\n\t\t\t\t\t\t\t<\/div>\n\t\t<\/div>\n\t\t\t\t\t<\/div>\n\t\t<\/section>\n\t\t\t\t<section class=\"elementor-section elementor-top-section elementor-element elementor-element-2a5b56b elementor-section-stretched elementor-section-full_width elementor-section-height-min-height elementor-section-height-default elementor-section-items-middle\" data-id=\"2a5b56b\" data-element_type=\"section\" data-settings=\"{&quot;stretch_section&quot;:&quot;section-stretched&quot;,&quot;background_background&quot;:&quot;classic&quot;}\">\n\t\t\t\t\t\t<div class=\"elementor-container elementor-column-gap-no\">\n\t\t\t\t\t<div class=\"elementor-column elementor-col-50 elementor-top-column elementor-element elementor-element-c2f0e65\" data-id=\"c2f0e65\" data-element_type=\"column\">\n\t\t\t<div class=\"elementor-widget-wrap elementor-element-populated\">\n\t\t\t\t\t\t<div class=\"elementor-element elementor-element-fbaa6a2 elementor-widget elementor-widget-image\" data-id=\"fbaa6a2\" data-element_type=\"widget\" data-widget_type=\"image.default\">\n\t\t\t\t<div class=\"elementor-widget-container\">\n\t\t\t\t\t\t\t\t\t\t\t\t\t\t\t<img fetchpriority=\"high\" decoding=\"async\" width=\"1000\" height=\"453\" src=\"https:\/\/cevizbasim.com\/wp-content\/uploads\/2025\/02\/hizmetler_matbaa.jpg\" class=\"attachment-2048x2048 size-2048x2048 wp-image-9202\" alt=\"\" srcset=\"https:\/\/cevizbasim.com\/wp-content\/uploads\/2025\/02\/hizmetler_matbaa.jpg 1000w, https:\/\/cevizbasim.com\/wp-content\/uploads\/2025\/02\/hizmetler_matbaa-300x136.jpg 300w, https:\/\/cevizbasim.com\/wp-content\/uploads\/2025\/02\/hizmetler_matbaa-768x348.jpg 768w\" sizes=\"(max-width: 1000px) 100vw, 1000px\" \/>\t\t\t\t\t\t\t\t\t\t\t\t\t\t\t<\/div>\n\t\t\t\t<\/div>\n\t\t\t\t\t<\/div>\n\t\t<\/div>\n\t\t\t\t<div class=\"elementor-column elementor-col-50 elementor-top-column elementor-element elementor-element-5fad00c\" data-id=\"5fad00c\" data-element_type=\"column\">\n\t\t\t<div class=\"elementor-widget-wrap elementor-element-populated\">\n\t\t\t\t\t\t<div class=\"elementor-element elementor-element-66b4198 elementor-widget elementor-widget-heading\" data-id=\"66b4198\" data-element_type=\"widget\" data-widget_type=\"heading.default\">\n\t\t\t\t<div class=\"elementor-widget-container\">\n\t\t\t\t\t<h4 class=\"elementor-heading-title elementor-size-default\">Katalog, Kartvizit, Antetli ka\u011f\u0131t, Zarf...<\/h4>\t\t\t\t<\/div>\n\t\t\t\t<\/div>\n\t\t\t\t<div class=\"elementor-element elementor-element-52a5c0d elementor-widget elementor-widget-heading\" data-id=\"52a5c0d\" data-element_type=\"widget\" data-widget_type=\"heading.default\">\n\t\t\t\t<div class=\"elementor-widget-container\">\n\t\t\t\t\t<h3 class=\"elementor-heading-title elementor-size-default\">Matbaa<\/h3>\t\t\t\t<\/div>\n\t\t\t\t<\/div>\n\t\t\t\t\t<\/div>\n\t\t<\/div>\n\t\t\t\t\t<\/div>\n\t\t<\/section>\n\t\t\t\t<section class=\"elementor-section elementor-top-section elementor-element elementor-element-3b99240 elementor-section-stretched elementor-section-boxed elementor-section-height-default elementor-section-height-default\" data-id=\"3b99240\" data-element_type=\"section\" data-settings=\"{&quot;stretch_section&quot;:&quot;section-stretched&quot;,&quot;background_background&quot;:&quot;classic&quot;}\">\n\t\t\t\t\t\t<div class=\"elementor-container elementor-column-gap-no\">\n\t\t\t\t\t<div class=\"elementor-column elementor-col-50 elementor-top-column elementor-element elementor-element-31ca56c\" data-id=\"31ca56c\" data-element_type=\"column\">\n\t\t\t<div class=\"elementor-widget-wrap elementor-element-populated\">\n\t\t\t\t\t\t<div class=\"elementor-element elementor-element-892cfec elementor-widget elementor-widget-printify_faq_block\" data-id=\"892cfec\" data-element_type=\"widget\" data-widget_type=\"printify_faq_block.default\">\n\t\t\t\t<div class=\"elementor-widget-container\">\n\t\t\t\t\t\t\t\n\t\t\n\n\t <script>\n jQuery(document).ready(function($) {\n\n\/\/put the js code under this line \n\nfunction accrodion () {\n    if ($(\".accrodion-grp\").length) {\n        var accrodionGrp = $(\".accrodion-grp\");\n        accrodionGrp.each(function () {\n            var accrodionName = $(this).data(\"grp-name\");\n            var Self = $(this);\n            var accordion = Self.find(\".accrodion\");\n            Self.addClass(accrodionName);\n            Self.find(\".accrodion .accrodion-content\").hide();\n            Self.find(\".accrodion.active\").find(\".accrodion-content\").show();\n            accordion.each(function() {\n                $(this).find(\".accrodion-title\").on(\"click\", function () {\n                    if ($(this).parent().hasClass(\"active\") === false ) {                   \n                        $(\".accrodion-grp.\"+accrodionName).find(\".accrodion\").removeClass(\"active\");\n                        $(\".accrodion-grp.\"+accrodionName).find(\".accrodion\").find(\".accrodion-content\").slideUp();\n                        $(this).parent().addClass(\"active\");                    \n                        $(this).parent().find(\".accrodion-content\").slideDown();        \n                    };\n                    \n\n                });\n            });\n        });\n        \n    };\n}\n\n\/\/put the code above the line \n\n  });\n<\/script>\t\t\n\t\t\n\t\t\n\t\t\n\t\t\n\t\t\n<div class=\"faq-content\">\n                    <div class=\"title\">\n                        <span>H\u0131zl\u0131, y\u00fcksek kaliteli ve esnek bir \u015fekilde hizmet sunar\u0131z.<\/span>\n                        <h2>Bask\u0131l\u0131 Malzeme<\/h2>\n                    <\/div><!-- \/.title -->\n                    <div class=\"accrodion-grp\" data-grp-name=\"faq-accrodion\">\n                       \n\t\t\t\t\t   <div class=\"accrodion \">\n                            <div class=\"accrodion-title\">\n                                <h4>Logo, Kartvizit, Antetli ka\u011f\u0131t, Zarf, Promosyon \u00fcr\u00fcnleri<\/h4>\n                            <\/div>\n                            <div class=\"accrodion-content\">\n                               \u25e6\tTasar\u0131m: Kurumsal kimlik tasar\u0131m\u0131, \u015firketin ama\u00e7lar\u0131, de\u011ferleri ve hedef kitlesine uygun olarak tasar\u0131m yap\u0131l\u0131r. Bu tasar\u0131m \u015firketin t\u00fcm yay\u0131nlar\u0131nda, promosyonlar\u0131nda ve di\u011fer materyallerinde kullan\u0131lacakt\u0131r.<br>\n\t\u25e6\tLogo: Kurumsal kimlik tasar\u0131m\u0131n\u0131n bir par\u00e7as\u0131 olan logo, \u015firketin marka imaj\u0131n\u0131 yans\u0131tacak ve hat\u0131rlanmas\u0131n\u0131 kolayla\u015ft\u0131racak \u015fekilde tasar\u0131m edilir.<br>\n\t\u25e6\tRenk paleti: Kurumsal kimlik tasar\u0131m\u0131 i\u00e7in tercih edilen renkler, \u015firketin de\u011ferlerini ve ama\u00e7lar\u0131n\u0131 yans\u0131tmak i\u00e7in se\u00e7ilir.<br>\n\t\u25e6\tTipografi: Kurumsal kimlik tasar\u0131m\u0131 i\u00e7in tercih edilen yaz\u0131 tipi, \u015firketin de\u011ferlerini ve ama\u00e7lar\u0131n\u0131 yans\u0131tmak i\u00e7in se\u00e7ilir.<br>\n\t\u25e6\tUygulama: Kurumsal kimlik tasar\u0131m\u0131, \u015firketin t\u00fcm yay\u0131nlar\u0131nda, promosyonlar\u0131nda ve di\u011fer materyallerinde kullan\u0131lacakt\u0131r.\u2028Bu bilgiler, kurumsal kimlik tasar\u0131m\u0131 hakk\u0131nda genel bir fikir verir. Kurumsal kimlik tasar\u0131m\u0131 i\u00e7in tercih edilecek renkler, tipografi gibi detaylar m\u00fc\u015fterinin iste\u011fine ve tasar\u0131m hizmeti sa\u011flayan \u015firketin sunabileceklerine g\u00f6re de\u011fi\u015febilir.\n                            <\/div>\n                        <\/div>\n             \t\t\t\t\t   <div class=\"accrodion active\">\n                            <div class=\"accrodion-title\">\n                                <h4>Matbaa<\/h4>\n                            <\/div>\n                            <div class=\"accrodion-content\">\n                               Cevizbas\u0131m olarak m\u00fc\u015fteri taleplerine g\u00f6re \u00e7e\u015fitli bask\u0131 t\u00fcrleri (katalog, bro\u015f\u00fcr, kitap, afi\u015f, takvim, ambalaj, kurumsal kimlik vs.) \u00fcretiriz. H\u0131zl\u0131, y\u00fcksek kaliteli ve esnek bir \u015fekilde hizmet sunar\u0131z. Ayr\u0131ca, renk do\u011frulu\u011fu, bask\u0131 kalitesi, ka\u011f\u0131t se\u00e7imi, teslimat h\u0131z\u0131 gibi konulara \u00f6nem veririz. Azim matbaas\u0131 olarak, bas\u0131l\u0131 materyal ihtiya\u00e7lar\u0131 olan m\u00fc\u015fterilere hizmet sunmak i\u00e7in gereken teknolojik alt yap\u0131y\u0131 ve tecr\u00fcbeyi siz de\u011ferli m\u00fc\u015fterilerimize sunar\u0131z.                            <\/div>\n                        <\/div>\n             \t\t\t\t\t   <div class=\"accrodion \">\n                            <div class=\"accrodion-title\">\n                                <h4>Katalog ve Dergi<\/h4>\n                            <\/div>\n                            <div class=\"accrodion-content\">\n                               \t\u2022\tKa\u011f\u0131t se\u00e7imi: Kataloglar genellikle iyi kalite bir ka\u011f\u0131t \u00fczerine bas\u0131l\u0131r. En yayg\u0131n ka\u011f\u0131t se\u00e7enekleri aras\u0131nda mat, parlak, kuma\u015f ka\u011f\u0131t gibi se\u00e7enekler bulunabilir.<br>\n\t\u2022\tBoyutlar: Kataloglar genellikle standart boyutlar\u0131 kullan\u0131r, ancak m\u00fc\u015fterinin iste\u011fine g\u00f6re \u00f6zel boyutlar da yap\u0131labilir.<br>\n\t\u2022\tRenkler: Kataloglar genellikle 4 renkli bask\u0131 yap\u0131l\u0131r, ancak m\u00fc\u015fterinin iste\u011fine g\u00f6re 2 renkli bask\u0131 da yap\u0131labilir.<br>\n\t\u2022\tKapak ve sayfalar: Kapak, sayfalar ve di\u011fer ek malzemeler m\u00fc\u015fterinin iste\u011fine g\u00f6re tasar\u0131m ve renklendirme yap\u0131labilir.<br>\n\t\u2022\tFiyatlar: Katalog bask\u0131 fiyatlar\u0131 ka\u011f\u0131t se\u00e7imi, bask\u0131 teknolojisi, renk say\u0131s\u0131, boyutlar ve di\u011fer ek malzemeler gibi fakt\u00f6rlere g\u00f6re de\u011fi\u015febilir.<br>\n\t\u2022\tTeslim s\u00fcresi: Katalog bask\u0131 teslim s\u00fcresi, bask\u0131 teknolojisi, bask\u0131 boyutu ve bask\u0131 miktar\u0131 gibi fakt\u00f6rlere g\u00f6re de\u011fi\u015febilir.<br>\n\t\u2022\tBu bilgiler, katalog bask\u0131 hizmeti hakk\u0131nda genel bir fikir verir. Katalog bask\u0131s\u0131 i\u00e7in tercih edilecek malzeme ve bask\u0131 teknolojisi gibi detaylar m\u00fc\u015fterinin iste\u011fine ve bask\u0131 hizmeti sa\u011flayan \u015firketin sunabileceklerine g\u00f6re de\u011fi\u015febilir.                            <\/div>\n                        <\/div>\n             \t\t\t\t\t   <div class=\"accrodion \">\n                            <div class=\"accrodion-title\">\n                                <h4>Bro\u015f\u00fcr ve Flyer Bask\u0131lar\u0131<\/h4>\n                            <\/div>\n                            <div class=\"accrodion-content\">\n                               \t\u2022\tTan\u0131t\u0131m ve reklam ama\u00e7l\u0131 kullan\u0131lan, genellikle tek sayfa veya \u00e7ok sayfal\u0131 bas\u0131l\u0131 malzemelerdir. A\u015fa\u011f\u0131daki bilgiler bro\u015f\u00fcr bask\u0131s\u0131 hakk\u0131nda genel bir fikir verir:<br>\n\t\u2022\tKa\u011f\u0131t se\u00e7imi: Bro\u015f\u00fcrler genellikle iyi kalite bir ka\u011f\u0131t \u00fczerine bas\u0131l\u0131r. En yayg\u0131n ka\u011f\u0131t se\u00e7enekleri aras\u0131nda mat, parlak, kuma\u015f ka\u011f\u0131t gibi se\u00e7enekler bulunabilir.<br>\n\t\u2022\tBoyutlar: Bro\u015f\u00fcrler genellikle standart boyutlar\u0131 kullan\u0131r, ancak m\u00fc\u015fterinin iste\u011fine g\u00f6re \u00f6zel boyutlar da yap\u0131labilir.<br>\n\t\u2022\tRenkler: Bro\u015f\u00fcrler genellikle 4 renkli bask\u0131 yap\u0131l\u0131r, ancak m\u00fc\u015fterinin iste\u011fine g\u00f6re 2 renkli bask\u0131 da yap\u0131labilir.<br>\n\t\u2022\tTasar\u0131m: Bro\u015f\u00fcr tasar\u0131m\u0131 m\u00fc\u015fterinin iste\u011fine g\u00f6re tasar\u0131m ve renklendirme yap\u0131labilir.<br>\n\t\u2022\tFiyatlar: Bro\u015f\u00fcr bask\u0131 fiyatlar\u0131 ka\u011f\u0131t se\u00e7imi, bask\u0131 teknolojisi, renk say\u0131s\u0131, boyutlar ve di\u011fer ek malzemeler gibi fakt\u00f6rlere g\u00f6re de\u011fi\u015febilir.<br>\n\t\u2022\tTeslim s\u00fcresi: Bro\u015f\u00fcr bask\u0131 teslim s\u00fcresi, bask\u0131 teknolojisi, bask\u0131 boyutu ve bask\u0131 miktar\u0131 gibi fakt\u00f6rlere g\u00f6re de\u011fi\u015febilir.<br>\n\t\u2022\tBu bilgiler, bro\u015f\u00fcr bask\u0131 hizmeti hakk\u0131nda genel bir fikir verir. Bro\u015f\u00fcr bask\u0131s\u0131 i\u00e7in tercih edilecek malzeme ve bask\u0131 teknolojisi gibi detaylar m\u00fc\u015fterinin iste\u011fine ve bask\u0131 hizmeti sa\u011flayan \u015firketin sunabileceklerine g\u00f6re de\u011fi\u015febilir.                            <\/div>\n                        <\/div>\n             \t\t\t\t\t   <div class=\"accrodion \">\n                            <div class=\"accrodion-title\">\n                                <h4>Kitap yada Soru Bankas\u0131 Bask\u0131lar\u0131<\/h4>\n                            <\/div>\n                            <div class=\"accrodion-content\">\n                               Bu g\u00fcne kadar say\u0131s\u0131z e\u011fitim ama\u00e7l\u0131 kitap bas\u0131m i\u015fi ger\u00e7ekle\u015ftirdik ve ger\u00e7ekle\u015ftiriyoruz. Bu zaman kadar kazand\u0131\u011f\u0131m\u0131z tecr\u00fcbelerimiz ile e\u011fitim ama\u00e7l\u0131 bas\u0131lacak \u00fcr\u00fcnler ile sizler i\u00e7in yan\u0131n\u0131zday\u0131z.\u2028Kitap bas\u0131m i\u015fi, yaz\u0131l\u0131 metninin bas\u0131l\u0131 bir forma d\u00f6n\u00fc\u015ft\u00fcr\u00fclmesidir. A\u015fa\u011f\u0131daki bilgiler kitap bas\u0131m\u0131 hakk\u0131nda genel bir fikir verir:<br>\n\t\u2022\tKa\u011f\u0131t se\u00e7imi: Kitap bask\u0131s\u0131 i\u00e7in en yayg\u0131n ka\u011f\u0131t se\u00e7enekleri aras\u0131nda mat, parlak, kuma\u015f ka\u011f\u0131t gibi se\u00e7enekler bulunabilir.<br>\n\t\u2022\tBoyutlar: Kitap bask\u0131s\u0131 genellikle standart boyutlar\u0131 kullan\u0131r, ancak m\u00fc\u015fterinin iste\u011fine g\u00f6re \u00f6zel boyutlar da yap\u0131labilir.<br>\n\t\u2022\tKapak tasar\u0131m\u0131: Kitap kapak tasar\u0131m\u0131 m\u00fc\u015fterinin iste\u011fine g\u00f6re tasar\u0131m ve renklendirme yap\u0131labilir.<br>\n\t\u2022\tRenkler: Kitap bask\u0131s\u0131 genellikle 4 renkli bask\u0131 yap\u0131l\u0131r, ancak m\u00fc\u015fterinin iste\u011fine g\u00f6re 2 renkli bask\u0131 da yap\u0131labilir<br>\n\t\u2022\tFiyatlar: Kitap bask\u0131 fiyatlar\u0131 ka\u011f\u0131t se\u00e7imi, bask\u0131 teknolojisi, renk say\u0131s\u0131, boyutlar ve di\u011fer ek malzemeler gibi fakt\u00f6rlere g\u00f6re de\u011fi\u015febilir<br>\n\t\u2022\tTeslim s\u00fcresi: Kitap bask\u0131 teslim s\u00fcresi, bask\u0131 teknolojisi, bask\u0131 boyutu ve bask\u0131 miktar\u0131 gibi fakt\u00f6rlere g\u00f6re de\u011fi\u015febilir.<br>\n\t\u2022\tBu bilgiler, kitap bask\u0131 hizmeti hakk\u0131nda genel bir fikir verir. Kitap bask\u0131s\u0131 i\u00e7in tercih edilecek malzeme ve bask\u0131 teknolojisi gibi detaylar m\u00fc\u015fterinin iste\u011fine ve bask\u0131 hizmeti sa\u011flayan \u015firketin sunabileceklerine g\u00f6re de\u011fi\u015febilir.\n                            <\/div>\n                        <\/div>\n             \t\t\t\t\t   <div class=\"accrodion \">\n                            <div class=\"accrodion-title\">\n                                <h4>Kutu ve Ambalaj Bask\u0131lar\u0131\n<\/h4>\n                            <\/div>\n                            <div class=\"accrodion-content\">\n                               \tSosyal medya \u00fczerinden sat\u0131\u015f yapan firma yada \u015fah\u0131slar, pastaneler, ayakkab\u0131c\u0131lar k\u0131saca online sat\u0131\u015f yapan t\u00fcm herkes i\u00e7in hem tasarlay\u0131p hem de bask\u0131lar\u0131n\u0131 yap\u0131yoruz. Kaliteli bask\u0131 ve mukavvalardan \u00fcretti\u011fimiz kutular ile \u00fcr\u00fcnlerinizi g\u00fcvenli ve kaliteli bir \u015fekilde g\u00f6nderme \u015fans\u0131n\u0131z oluyor.\u2028Ambalaj bask\u0131s\u0131, \u00fcr\u00fcnlerin g\u00fcvenli ve etkileyici \u015fekilde paketlenmesi i\u00e7in kullan\u0131lan bask\u0131 tekni\u011fidir. A\u015fa\u011f\u0131daki bilgiler ambalaj bask\u0131s\u0131 hakk\u0131nda genel bir fikir verir:<br>\n\t\u2022\tMalzemeler: Ambalaj bask\u0131s\u0131 i\u00e7in kullan\u0131lan malzemeler aras\u0131nda karton, mukavva, plastik gibi se\u00e7enekler bulunabilir.<br>\n\t\u2022\tBoyutlar: Ambalaj bask\u0131 boyutlar\u0131, i\u00e7eri\u011fine g\u00f6re de\u011fi\u015febilir ve \u00fcr\u00fcn\u00fcn gereksinimlerine uygun olarak tasarlanabilir.<br>\n\t\u2022\tRenkler: Ambalaj bask\u0131 genellikle 4 renkli bask\u0131 yap\u0131l\u0131r, ancak m\u00fc\u015fterinin iste\u011fine g\u00f6re 2 renkli bask\u0131 da yap\u0131labilir.<br>\n\t\u2022\tTasar\u0131m: Ambalaj bask\u0131 tasar\u0131m\u0131, \u00fcr\u00fcnlerin pazarlamas\u0131 i\u00e7in \u00f6nemlidir ve m\u00fc\u015fterinin iste\u011fine g\u00f6re tasar\u0131m ve renklendirme yap\u0131labilir.<br>\n\t\u2022\tBask\u0131 teknolojisi: Ambalaj bask\u0131s\u0131 i\u00e7in kullan\u0131lan bask\u0131 teknolojisi, malzeme t\u00fcr\u00fc, bask\u0131 boyutu ve bask\u0131 miktar\u0131 gibi fakt\u00f6rlere g\u00f6re de\u011fi\u015febilir.<br>\n\t\u2022\tFiyatlar: Ambalaj bask\u0131 fiyatlar\u0131 bask\u0131 teknolojisi, malzeme se\u00e7imi, renk say\u0131s\u0131, boyutlar ve di\u011fer ek malzemeler gibi fakt\u00f6rlere g\u00f6re de\u011fi\u015febilir.<br>\n\t\u2022\tTeslim s\u00fcresi: Ambalaj bask\u0131 teslim s\u00fcresi bask\u0131 teknolojisi, bask\u0131 boyutu ve bask\u0131 miktar\u0131 gibi fakt\u00f6rlere g\u00f6re de\u011fi\u015febilir.<br>\n\t\u2022\tBu bilgiler, ambalaj bask\u0131 hizmeti hakk\u0131nda genel bir fikir verir. Ambalaj bask\u0131s\u0131 i\u00e7in tercih edilecek malzeme ve bask\u0131 teknolojisi gibi detaylar m\u00fc\u015fterinin iste\u011fine ve bask\u0131 hizmeti sa\u011flayan \u015firketin sunabileceklerine g\u00f6re de\u011fi\u015febilir.                            <\/div>\n                        <\/div>\n             \t\t\t\t\t   <div class=\"accrodion \">\n                            <div class=\"accrodion-title\">\n                                <h4>Ajanda ve Takvim Bask\u0131lar\u0131<\/h4>\n                            <\/div>\n                            <div class=\"accrodion-content\">\n                               Kurumsal firmalar\u0131 vazge\u00e7ilmezi ajanda ve takvim \u00fcr\u00fcnleri promosyon \u00fcr\u00fcnlerine girmektedir. \u00dclkemizde bu zamana kadar bir\u00e7ok kamu ve kurumlara say\u0131s\u0131z ajanda ve takvim \u00fcrettik ve \u00fcretmeye de devam ediyoruz.\u2028Ajanda ve takvim bask\u0131s\u0131, y\u0131l boyunca tarihleri ve \u00f6nemli g\u00fcnleri takip etmek i\u00e7in kullan\u0131lan bir bask\u0131 \u00fcr\u00fcn\u00fcd\u00fcr. A\u015fa\u011f\u0131daki bilgiler takvim bask\u0131s\u0131 hakk\u0131nda genel bir fikir verir:\u2028Malzemeler: Takvim bask\u0131s\u0131 i\u00e7in kullan\u0131lan malzemeler aras\u0131nda karton, mukavva ve plastik gibi se\u00e7enekler bulunabilir.<br>\n\t\u2022\tBoyutlar: Takvim bask\u0131 boyutlar\u0131, m\u00fc\u015fterinin iste\u011fine g\u00f6re de\u011fi\u015febilir ve takvimin kullan\u0131m amac\u0131na uygun olarak tasarlanabilir.<br>\n\t\u2022\tRenkler: Takvim bask\u0131 genellikle 4 renkli bask\u0131 yap\u0131l\u0131r, ancak m\u00fc\u015fterinin iste\u011fine g\u00f6re 2 renkli bask\u0131 da yap\u0131labilir.<br>\n\t\u2022\tTasar\u0131m: Takvim bask\u0131 tasar\u0131m\u0131, \u00f6nemli g\u00fcnlerin ve tarihlerin kolayca g\u00f6r\u00fclmesini ve m\u00fc\u015fterinin be\u011fenisine uygun olarak tasar\u0131m ve renklendirme yap\u0131labilir.<br>\n\t\u2022\tBask\u0131 teknolojisi: Takvim bask\u0131s\u0131 i\u00e7in kullan\u0131lan bask\u0131 teknolojisi, malzeme t\u00fcr\u00fc, bask\u0131 boyutu ve bask\u0131 miktar\u0131 gibi fakt\u00f6rlere g\u00f6re de\u011fi\u015febilir.<br>\n\t\u2022\tFiyatlar: Takvim bask\u0131 fiyatlar\u0131 bask\u0131 teknolojisi, malzeme se\u00e7imi, renk say\u0131s\u0131, boyutlar ve di\u011fer ek malzemeler gibi fakt\u00f6rlere g\u00f6re de\u011fi\u015febilir.<br>\n\t\u2022\tTeslim s\u00fcresi: Takvim bask\u0131 teslim s\u00fcresi bask\u0131 teknolojisi, bask\u0131 boyutu ve bask\u0131 miktar\u0131 gibi fakt\u00f6rlere g\u00f6re de\u011fi\u015febilir. Bu bilgiler, takvim bask\u0131 hizmeti hakk\u0131nda genel bir fikir verir. Takvim bask\u0131s\u0131 i\u00e7in tercih edilecek malzeme ve bask\u0131 teknolojisi gibi detaylar m\u00fc\u015fterinin iste\u011fine ve bask\u0131 hizmeti sa\u011flayan \u015firketin sunabileceklerine g\u00f6re de\u011fi\u015febilir.\n                            <\/div>\n                        <\/div>\n             \t\t\t\t\t   <div class=\"accrodion \">\n                            <div class=\"accrodion-title\">\n                                <h4>\u00c7ocuk Hikaye Kitaplar\u0131<\/h4>\n                            <\/div>\n                            <div class=\"accrodion-content\">\n                               \u00c7ocuk hikaye kitaplar\u0131, \u00e7ocuklar i\u00e7in yaz\u0131lm\u0131\u015f, okuma becerilerini ve hayal g\u00fc\u00e7lerini geli\u015ftirmeyi ama\u00e7layan kitap t\u00fcr\u00fcd\u00fcr. \u00c7ocuk hikaye kitaplar\u0131, \u00e7ocuklar i\u00e7in anla\u015f\u0131l\u0131r ve e\u011flenceli bir \u015fekilde yaz\u0131l\u0131r ve genellikle g\u00f6rsel a\u00e7\u0131dan da zengin olurlar. Resimli ve renkli sayfalar, hikaye anlat\u0131m\u0131n\u0131 destekler ve \u00e7ocuklar\u0131n hayal g\u00fc\u00e7lerini ve dikkatlerini \u00e7eker. Ayr\u0131ca, \u00e7ocuklar i\u00e7in farkl\u0131 konular\u0131 (morality, do\u011fa, hayvanlar, aile, arkada\u015fl\u0131k, g\u00fcncel olaylar vb.) kapsayan hikaye kitaplar\u0131 mevcuttur. \u00c7ocuk hikaye kitaplar\u0131, \u00e7ocuklar\u0131n okuma al\u0131\u015fkanl\u0131klar\u0131n\u0131 ve ilgilerini geli\u015ftirmek, dil becerilerini art\u0131rmak ve k\u00fclt\u00fcrel de\u011ferler \u00f6\u011frenmelerine yard\u0131mc\u0131 olmak gibi faydalar sunar.\n\nFiyatland\u0131rmalar\u0131, kitab\u0131n \u00f6l\u00e7\u00fcs\u00fc, sayfa say\u0131s\u0131, ka\u011f\u0131t kalitesi, kullan\u0131lan renklere g\u00f6re de\u011fi\u015fkenlik g\u00f6stermektedir. Teslimat s\u00fcresi ise yine kitab\u0131n bask\u0131 \u00f6zelliklerine g\u00f6re de\u011fi\u015fkenlik g\u00f6stermektedir.                            <\/div>\n                        <\/div>\n                      \n                    <\/div>\n                <\/div><!-- \/.faq-content -->\t\t\n\t\t\t\t\t\t<\/div>\n\t\t\t\t<\/div>\n\t\t\t\t\t<\/div>\n\t\t<\/div>\n\t\t\t\t<div class=\"elementor-column elementor-col-50 elementor-top-column elementor-element elementor-element-b5d68fe\" data-id=\"b5d68fe\" data-element_type=\"column\" data-settings=\"{&quot;background_background&quot;:&quot;classic&quot;}\">\n\t\t\t<div class=\"elementor-widget-wrap elementor-element-populated\">\n\t\t\t\t\t\t<div class=\"elementor-element elementor-element-7632406 elementor-widget elementor-widget-printify_about_left\" data-id=\"7632406\" data-element_type=\"widget\" data-widget_type=\"printify_about_left.default\">\n\t\t\t\t<div class=\"elementor-widget-container\">\n\t\t\t\t\t\t\t\n\t\t\n\t\t<section class=\"kuk welcome-section sec-pad\">\n\t\t\t<div class=\"thm-container\">\n\t\t\t\t<div class=\"row\">\n\t\t\t\t\t<div class=\"col-md-12\">\n\t\t\t\t\t\t<div class=\"img-box\">\n\t\t\t\t\t\t\t<div class=\"welcome-img-box\">\n\t\t\t\t\t\t\t\t\t\t\t\t\t\t\t\t<img decoding=\"async\" src=\"https:\/\/cevizbasim.com\/wp-content\/uploads\/2021\/01\/welcome-1-1.jpg\" alt=\"\"\/>\n\t\t\t\t\t\t\t\t\t\t\t\t\t\t\t<\/div><!-- \/.welcome-img-box -->\n\t\t\t\t\t\t\t<div class=\"welcome-img-box-two\">\n\t\t\t\t\t\t\t\t\t\t\t\t\t\t\t\t<img decoding=\"async\" src=\"https:\/\/cevizbasim.com\/wp-content\/uploads\/2021\/01\/welcome-1-2.jpg\" alt=\"\"\/>\n\t\t\t\t\t\t\t\t\t\t\t\t\t\t\t<\/div>\n\t\t\t\t\t\t<\/div>\n\t\t\t\t\t<\/div>\n\t\t\t\t<\/div>\n\t\t\t<\/div>\n\t\t<\/section>\n                   \n                \n\t\t\t\t\t\t<\/div>\n\t\t\t\t<\/div>\n\t\t\t\t\t<\/div>\n\t\t<\/div>\n\t\t\t\t\t<\/div>\n\t\t<\/section>\n\t\t\t\t<\/div>\n\t\t","protected":false},"excerpt":{"rendered":"<p>Katalog, Kartvizit, Antetli ka\u011f\u0131t, Zarf&#8230; Matbaa H\u0131zl\u0131, y\u00fcksek kaliteli ve esnek bir \u015fekilde hizmet sunar\u0131z. Bask\u0131l\u0131 Malzeme Logo, Kartvizit, Antetli ka\u011f\u0131t, Zarf, Promosyon \u00fcr\u00fcnleri \u25e6 Tasar\u0131m: Kurumsal kimlik tasar\u0131m\u0131, \u015firketin ama\u00e7lar\u0131, de\u011ferleri ve hedef kitlesine uygun olarak tasar\u0131m yap\u0131l\u0131r. Bu tasar\u0131m \u015firketin t\u00fcm yay\u0131nlar\u0131nda, promosyonlar\u0131nda ve di\u011fer materyallerinde kullan\u0131lacakt\u0131r. \u25e6 Logo: Kurumsal kimlik tasar\u0131m\u0131n\u0131n bir [&hellip;]<\/p>\n","protected":false},"author":1,"featured_media":0,"parent":0,"menu_order":0,"comment_status":"closed","ping_status":"closed","template":"elementor_header_footer","meta":{"footnotes":""},"class_list":["post-9070","page","type-page","status-publish","hentry"],"_links":{"self":[{"href":"https:\/\/cevizbasim.com\/index.php?rest_route=\/wp\/v2\/pages\/9070","targetHints":{"allow":["GET"]}}],"collection":[{"href":"https:\/\/cevizbasim.com\/index.php?rest_route=\/wp\/v2\/pages"}],"about":[{"href":"https:\/\/cevizbasim.com\/index.php?rest_route=\/wp\/v2\/types\/page"}],"author":[{"embeddable":true,"href":"https:\/\/cevizbasim.com\/index.php?rest_route=\/wp\/v2\/users\/1"}],"replies":[{"embeddable":true,"href":"https:\/\/cevizbasim.com\/index.php?rest_route=%2Fwp%2Fv2%2Fcomments&post=9070"}],"version-history":[{"count":14,"href":"https:\/\/cevizbasim.com\/index.php?rest_route=\/wp\/v2\/pages\/9070\/revisions"}],"predecessor-version":[{"id":9209,"href":"https:\/\/cevizbasim.com\/index.php?rest_route=\/wp\/v2\/pages\/9070\/revisions\/9209"}],"wp:attachment":[{"href":"https:\/\/cevizbasim.com\/index.php?rest_route=%2Fwp%2Fv2%2Fmedia&parent=9070"}],"curies":[{"name":"wp","href":"https:\/\/api.w.org\/{rel}","templated":true}]}}