{"id":9100,"date":"2025-02-20T11:34:20","date_gmt":"2025-02-20T08:34:20","guid":{"rendered":"https:\/\/elipsdizayn.com\/cevizbasim\/?page_id=9100"},"modified":"2025-02-28T10:02:23","modified_gmt":"2025-02-28T07:02:23","slug":"ambalaj","status":"publish","type":"page","link":"https:\/\/cevizbasim.com\/?page_id=9100","title":{"rendered":"Ambalaj"},"content":{"rendered":"\t\t<div data-elementor-type=\"wp-page\" data-elementor-id=\"9100\" class=\"elementor elementor-9100\">\n\t\t\t\t\t\t<section class=\"elementor-section elementor-top-section elementor-element elementor-element-af43764 elementor-section-full_width elementor-section-height-default elementor-section-height-default\" data-id=\"af43764\" data-element_type=\"section\">\n\t\t\t\t\t\t<div class=\"elementor-container elementor-column-gap-no\">\n\t\t\t\t\t<div class=\"elementor-column elementor-col-100 elementor-top-column elementor-element elementor-element-0d02755\" data-id=\"0d02755\" data-element_type=\"column\">\n\t\t\t<div class=\"elementor-widget-wrap\">\n\t\t\t\t\t\t\t<\/div>\n\t\t<\/div>\n\t\t\t\t\t<\/div>\n\t\t<\/section>\n\t\t\t\t<section class=\"elementor-section elementor-top-section elementor-element elementor-element-6a73d51 elementor-section-stretched elementor-section-full_width elementor-section-height-min-height elementor-section-height-default elementor-section-items-middle\" data-id=\"6a73d51\" data-element_type=\"section\" data-settings=\"{&quot;stretch_section&quot;:&quot;section-stretched&quot;,&quot;background_background&quot;:&quot;classic&quot;}\">\n\t\t\t\t\t\t<div class=\"elementor-container elementor-column-gap-no\">\n\t\t\t\t\t<div class=\"elementor-column elementor-col-50 elementor-top-column elementor-element elementor-element-c0d8688\" data-id=\"c0d8688\" data-element_type=\"column\">\n\t\t\t<div class=\"elementor-widget-wrap elementor-element-populated\">\n\t\t\t\t\t\t<div class=\"elementor-element elementor-element-b7b6743 elementor-widget elementor-widget-image\" data-id=\"b7b6743\" data-element_type=\"widget\" data-widget_type=\"image.default\">\n\t\t\t\t<div class=\"elementor-widget-container\">\n\t\t\t\t\t\t\t\t\t\t\t\t\t\t\t<img fetchpriority=\"high\" decoding=\"async\" width=\"1000\" height=\"500\" src=\"https:\/\/cevizbasim.com\/wp-content\/uploads\/2025\/02\/ambalaj-cesitleri-ve-kullanim-alanlari-nelerdir-93065586-sw1000sh500.webp\" class=\"attachment-2048x2048 size-2048x2048 wp-image-9307\" alt=\"\" srcset=\"https:\/\/cevizbasim.com\/wp-content\/uploads\/2025\/02\/ambalaj-cesitleri-ve-kullanim-alanlari-nelerdir-93065586-sw1000sh500.webp 1000w, https:\/\/cevizbasim.com\/wp-content\/uploads\/2025\/02\/ambalaj-cesitleri-ve-kullanim-alanlari-nelerdir-93065586-sw1000sh500-300x150.webp 300w, https:\/\/cevizbasim.com\/wp-content\/uploads\/2025\/02\/ambalaj-cesitleri-ve-kullanim-alanlari-nelerdir-93065586-sw1000sh500-768x384.webp 768w\" sizes=\"(max-width: 1000px) 100vw, 1000px\" \/>\t\t\t\t\t\t\t\t\t\t\t\t\t\t\t<\/div>\n\t\t\t\t<\/div>\n\t\t\t\t\t<\/div>\n\t\t<\/div>\n\t\t\t\t<div class=\"elementor-column elementor-col-50 elementor-top-column elementor-element elementor-element-604ba62\" data-id=\"604ba62\" data-element_type=\"column\">\n\t\t\t<div class=\"elementor-widget-wrap elementor-element-populated\">\n\t\t\t\t\t\t<div class=\"elementor-element elementor-element-fc196c5 elementor-widget elementor-widget-heading\" data-id=\"fc196c5\" data-element_type=\"widget\" data-widget_type=\"heading.default\">\n\t\t\t\t<div class=\"elementor-widget-container\">\n\t\t\t\t\t<h4 class=\"elementor-heading-title elementor-size-default\">\u00dcr\u00fcn Paketlemede Do\u011fru Koli ve Kutu Se\u00e7imi\n<\/h4>\t\t\t\t<\/div>\n\t\t\t\t<\/div>\n\t\t\t\t<div class=\"elementor-element elementor-element-c112a6b elementor-widget elementor-widget-heading\" data-id=\"c112a6b\" data-element_type=\"widget\" data-widget_type=\"heading.default\">\n\t\t\t\t<div class=\"elementor-widget-container\">\n\t\t\t\t\t<h3 class=\"elementor-heading-title elementor-size-default\">Ambalaj<\/h3>\t\t\t\t<\/div>\n\t\t\t\t<\/div>\n\t\t\t\t\t<\/div>\n\t\t<\/div>\n\t\t\t\t\t<\/div>\n\t\t<\/section>\n\t\t\t\t<section class=\"elementor-section elementor-top-section elementor-element elementor-element-d4f15f9 elementor-section-stretched elementor-section-boxed elementor-section-height-default elementor-section-height-default\" data-id=\"d4f15f9\" data-element_type=\"section\" data-settings=\"{&quot;stretch_section&quot;:&quot;section-stretched&quot;,&quot;background_background&quot;:&quot;classic&quot;}\">\n\t\t\t\t\t\t<div class=\"elementor-container elementor-column-gap-no\">\n\t\t\t\t\t<div class=\"elementor-column elementor-col-50 elementor-top-column elementor-element elementor-element-ca25318\" data-id=\"ca25318\" data-element_type=\"column\">\n\t\t\t<div class=\"elementor-widget-wrap elementor-element-populated\">\n\t\t\t\t\t\t<div class=\"elementor-element elementor-element-9f6c890 elementor-widget elementor-widget-heading\" data-id=\"9f6c890\" data-element_type=\"widget\" data-widget_type=\"heading.default\">\n\t\t\t\t<div class=\"elementor-widget-container\">\n\t\t\t\t\t<h4 class=\"elementor-heading-title elementor-size-default\">Koli ve kutu se\u00e7iminin do\u011fru yap\u0131lmas\u0131<\/h4>\t\t\t\t<\/div>\n\t\t\t\t<\/div>\n\t\t\t\t<div class=\"elementor-element elementor-element-94d8e18 elementor-widget elementor-widget-heading\" data-id=\"94d8e18\" data-element_type=\"widget\" data-widget_type=\"heading.default\">\n\t\t\t\t<div class=\"elementor-widget-container\">\n\t\t\t\t\t<h3 class=\"elementor-heading-title elementor-size-default\">Ambalaj<\/h3>\t\t\t\t<\/div>\n\t\t\t\t<\/div>\n\t\t\t\t<div class=\"elementor-element elementor-element-a1db755 elementor-widget elementor-widget-text-editor\" data-id=\"a1db755\" data-element_type=\"widget\" data-widget_type=\"text-editor.default\">\n\t\t\t\t<div class=\"elementor-widget-container\">\n\t\t\t\t\t\t\t\t\t<p>Paketleme, e-ticaretin, lojisti\u011fin, nakliyenin ve daha bir s\u00fcr\u00fc operasyonun vazge\u00e7ilmez bir par\u00e7as\u0131d\u0131r. Bu nedenle do\u011fru koli ve kutu se\u00e7imi, yaln\u0131zca \u00fcr\u00fcnlerin g\u00fcvenli bir \u015fekilde teslim edilmesini sa\u011flamakla kalmaz, ayn\u0131 zamanda i\u015fletmelerin operasyonel verimlili\u011fini de do\u011frudan etkiler. Her bir \u00fcr\u00fcn, ta\u015f\u0131ma s\u0131ras\u0131nda farkl\u0131 d\u0131\u015f etkenlere maruz kalabilir ve do\u011fru ambalaj, bu etkilere kar\u015f\u0131 koruma sa\u011flar. Paketleme s\u00fcreci, i\u015fin lojistik k\u0131sm\u0131n\u0131n \u00f6tesine ge\u00e7er ve markan\u0131n imaj\u0131n\u0131, m\u00fc\u015fteri deneyimini, hatta uzun vadeli ba\u015far\u0131y\u0131 \u015fekillendiren bir unsur haline gelir. Koli ve kutu se\u00e7iminin do\u011fru yap\u0131lmas\u0131, ta\u015f\u0131mac\u0131l\u0131kta kar\u015f\u0131la\u015f\u0131labilecek riskleri minimize eder. Yanl\u0131\u015f veya yetersiz paketlenmi\u015f \u00fcr\u00fcnler, \u00f6zellikle uzun yolculuklarda, yanl\u0131\u015f y\u00f6nlendirilmi\u015f ta\u015f\u0131ma s\u0131ras\u0131nda ya da depolama esnas\u0131nda zarar g\u00f6rebilir. Bu t\u00fcr zararlar, i\u015fletmeler i\u00e7in sadece maddi kayba yol a\u00e7makla kalmaz ayn\u0131 zamanda markan\u0131n g\u00fcvenilirli\u011fini ve m\u00fc\u015fteri memnuniyetini de olumsuz etkiler. \u00d6rne\u011fin, hasar g\u00f6rm\u00fc\u015f bir \u00fcr\u00fcn m\u00fc\u015fteriye ula\u015ft\u0131\u011f\u0131nda, m\u00fc\u015fteri sadece o \u00fcr\u00fcne de\u011fil, o \u00fcr\u00fcn\u00fc g\u00f6nderen markaya kar\u015f\u0131 da olumsuz bir tutum geli\u015ftirebilir. Kullan\u0131c\u0131lar, paket kalitesinden markan\u0131n profesyonelli\u011fi hakk\u0131nda \u00e7\u0131kar\u0131mlar yaparlar. E\u011fer \u00fcr\u00fcn geli\u015fig\u00fczel, d\u00fc\u015f\u00fck kaliteli ya da yanl\u0131\u015f kutu ile paketlenmi\u015fse, bu durum m\u00fc\u015fteri g\u00f6z\u00fcnde markan\u0131n de\u011ferini sorgulatabilir.<\/p><p>\u00d6te yandan, Koli ve Kutu Se\u00e7imi i\u015fletmelerin operasyonel maliyetleri \u00fczerinde de \u00f6nemli bir etki yarat\u0131r. A\u015f\u0131r\u0131 b\u00fcy\u00fck kutular kullanmak, ta\u015f\u0131ma ve depolama s\u00fcre\u00e7lerinde hem alan kayb\u0131na hem de gereksiz masraflara yol a\u00e7ar. Fazla bo\u015fluk b\u0131rakan kutular, nakliye maliyetlerini art\u0131r\u0131r, \u00e7\u00fcnk\u00fc daha fazla yer kaplar ve ta\u015f\u0131nan \u00fcr\u00fcn say\u0131s\u0131n\u0131 s\u0131n\u0131rlayabilir. Ayn\u0131 zamanda bu t\u00fcr kutular, depo alan\u0131nda verimsizli\u011fe yol a\u00e7arak i\u015fletmenin depo y\u00f6netiminde zorluklara neden olabilir. Bu y\u00fczden, her \u00fcr\u00fcn i\u00e7in do\u011fru boyutta ve uygun \u00f6zellikte bir kutu se\u00e7mek, maliyetlerin optimize edilmesine ve verimli bir operasyonun s\u00fcrd\u00fcr\u00fclmesine yard\u0131mc\u0131 olur.<\/p>\t\t\t\t\t\t\t\t<\/div>\n\t\t\t\t<\/div>\n\t\t\t\t\t<\/div>\n\t\t<\/div>\n\t\t\t\t<div class=\"elementor-column elementor-col-50 elementor-top-column elementor-element elementor-element-52ceab4\" data-id=\"52ceab4\" data-element_type=\"column\" data-settings=\"{&quot;background_background&quot;:&quot;classic&quot;}\">\n\t\t\t<div class=\"elementor-widget-wrap elementor-element-populated\">\n\t\t\t\t\t\t<div class=\"elementor-element elementor-element-d7ffbe6 elementor-widget elementor-widget-printify_about_left\" data-id=\"d7ffbe6\" data-element_type=\"widget\" data-widget_type=\"printify_about_left.default\">\n\t\t\t\t<div class=\"elementor-widget-container\">\n\t\t\t\t\t\t\t\n\t\t\n\t\t<section class=\"kuk welcome-section sec-pad\">\n\t\t\t<div class=\"thm-container\">\n\t\t\t\t<div class=\"row\">\n\t\t\t\t\t<div class=\"col-md-12\">\n\t\t\t\t\t\t<div class=\"img-box\">\n\t\t\t\t\t\t\t<div class=\"welcome-img-box\">\n\t\t\t\t\t\t\t\t\t\t\t\t\t\t\t\t<img decoding=\"async\" src=\"https:\/\/cevizbasim.com\/wp-content\/uploads\/2021\/01\/welcome-1-1.jpg\" alt=\"\"\/>\n\t\t\t\t\t\t\t\t\t\t\t\t\t\t\t<\/div><!-- \/.welcome-img-box -->\n\t\t\t\t\t\t\t<div class=\"welcome-img-box-two\">\n\t\t\t\t\t\t\t\t\t\t\t\t\t\t\t\t<img decoding=\"async\" src=\"https:\/\/cevizbasim.com\/wp-content\/uploads\/2025\/02\/ambalaj-welcome-1-2.jpg\" alt=\"\"\/>\n\t\t\t\t\t\t\t\t\t\t\t\t\t\t\t<\/div>\n\t\t\t\t\t\t<\/div>\n\t\t\t\t\t<\/div>\n\t\t\t\t<\/div>\n\t\t\t<\/div>\n\t\t<\/section>\n                   \n                \n\t\t\t\t\t\t<\/div>\n\t\t\t\t<\/div>\n\t\t\t\t\t<\/div>\n\t\t<\/div>\n\t\t\t\t\t<\/div>\n\t\t<\/section>\n\t\t\t\t<\/div>\n\t\t","protected":false},"excerpt":{"rendered":"<p>\u00dcr\u00fcn Paketlemede Do\u011fru Koli ve Kutu Se\u00e7imi Ambalaj Koli ve kutu se\u00e7iminin do\u011fru yap\u0131lmas\u0131 Ambalaj Paketleme, e-ticaretin, lojisti\u011fin, nakliyenin ve daha bir s\u00fcr\u00fc operasyonun vazge\u00e7ilmez bir par\u00e7as\u0131d\u0131r. Bu nedenle do\u011fru koli ve kutu se\u00e7imi, yaln\u0131zca \u00fcr\u00fcnlerin g\u00fcvenli bir \u015fekilde teslim edilmesini sa\u011flamakla kalmaz, ayn\u0131 zamanda i\u015fletmelerin operasyonel verimlili\u011fini de do\u011frudan etkiler. Her bir \u00fcr\u00fcn, ta\u015f\u0131ma [&hellip;]<\/p>\n","protected":false},"author":1,"featured_media":0,"parent":0,"menu_order":0,"comment_status":"closed","ping_status":"closed","template":"elementor_header_footer","meta":{"footnotes":""},"class_list":["post-9100","page","type-page","status-publish","hentry"],"_links":{"self":[{"href":"https:\/\/cevizbasim.com\/index.php?rest_route=\/wp\/v2\/pages\/9100","targetHints":{"allow":["GET"]}}],"collection":[{"href":"https:\/\/cevizbasim.com\/index.php?rest_route=\/wp\/v2\/pages"}],"about":[{"href":"https:\/\/cevizbasim.com\/index.php?rest_route=\/wp\/v2\/types\/page"}],"author":[{"embeddable":true,"href":"https:\/\/cevizbasim.com\/index.php?rest_route=\/wp\/v2\/users\/1"}],"replies":[{"embeddable":true,"href":"https:\/\/cevizbasim.com\/index.php?rest_route=%2Fwp%2Fv2%2Fcomments&post=9100"}],"version-history":[{"count":13,"href":"https:\/\/cevizbasim.com\/index.php?rest_route=\/wp\/v2\/pages\/9100\/revisions"}],"predecessor-version":[{"id":9318,"href":"https:\/\/cevizbasim.com\/index.php?rest_route=\/wp\/v2\/pages\/9100\/revisions\/9318"}],"wp:attachment":[{"href":"https:\/\/cevizbasim.com\/index.php?rest_route=%2Fwp%2Fv2%2Fmedia&parent=9100"}],"curies":[{"name":"wp","href":"https:\/\/api.w.org\/{rel}","templated":true}]}}