{"id":9114,"date":"2025-02-20T11:37:40","date_gmt":"2025-02-20T08:37:40","guid":{"rendered":"https:\/\/elipsdizayn.com\/cevizbasim\/?page_id=9114"},"modified":"2025-02-26T22:48:46","modified_gmt":"2025-02-26T19:48:46","slug":"etiket","status":"publish","type":"page","link":"https:\/\/cevizbasim.com\/?page_id=9114","title":{"rendered":"Etiket"},"content":{"rendered":"\t\t<div data-elementor-type=\"wp-page\" data-elementor-id=\"9114\" class=\"elementor elementor-9114\">\n\t\t\t\t\t\t<section class=\"elementor-section elementor-top-section elementor-element elementor-element-8f282b9 elementor-section-full_width elementor-section-height-default elementor-section-height-default\" data-id=\"8f282b9\" data-element_type=\"section\">\n\t\t\t\t\t\t<div class=\"elementor-container elementor-column-gap-no\">\n\t\t\t\t\t<div class=\"elementor-column elementor-col-100 elementor-top-column elementor-element elementor-element-f956f7f\" data-id=\"f956f7f\" data-element_type=\"column\">\n\t\t\t<div class=\"elementor-widget-wrap\">\n\t\t\t\t\t\t\t<\/div>\n\t\t<\/div>\n\t\t\t\t\t<\/div>\n\t\t<\/section>\n\t\t\t\t<section class=\"elementor-section elementor-top-section elementor-element elementor-element-fe6ae05 elementor-section-stretched elementor-section-full_width elementor-section-height-min-height elementor-section-height-default elementor-section-items-middle\" data-id=\"fe6ae05\" data-element_type=\"section\" data-settings=\"{&quot;stretch_section&quot;:&quot;section-stretched&quot;,&quot;background_background&quot;:&quot;classic&quot;}\">\n\t\t\t\t\t\t<div class=\"elementor-container elementor-column-gap-no\">\n\t\t\t\t\t<div class=\"elementor-column elementor-col-50 elementor-top-column elementor-element elementor-element-3438e9c\" data-id=\"3438e9c\" data-element_type=\"column\">\n\t\t\t<div class=\"elementor-widget-wrap elementor-element-populated\">\n\t\t\t\t\t\t<div class=\"elementor-element elementor-element-1ce703a elementor-widget elementor-widget-image\" data-id=\"1ce703a\" data-element_type=\"widget\" data-widget_type=\"image.default\">\n\t\t\t\t<div class=\"elementor-widget-container\">\n\t\t\t\t\t\t\t\t\t\t\t\t\t\t\t<img fetchpriority=\"high\" decoding=\"async\" width=\"1500\" height=\"1000\" src=\"https:\/\/cevizbasim.com\/wp-content\/uploads\/2025\/02\/221202012295184.png\" class=\"attachment-2048x2048 size-2048x2048 wp-image-9277\" alt=\"\" srcset=\"https:\/\/cevizbasim.com\/wp-content\/uploads\/2025\/02\/221202012295184.png 1500w, https:\/\/cevizbasim.com\/wp-content\/uploads\/2025\/02\/221202012295184-300x200.png 300w, https:\/\/cevizbasim.com\/wp-content\/uploads\/2025\/02\/221202012295184-1024x683.png 1024w, https:\/\/cevizbasim.com\/wp-content\/uploads\/2025\/02\/221202012295184-768x512.png 768w\" sizes=\"(max-width: 1500px) 100vw, 1500px\" \/>\t\t\t\t\t\t\t\t\t\t\t\t\t\t\t<\/div>\n\t\t\t\t<\/div>\n\t\t\t\t\t<\/div>\n\t\t<\/div>\n\t\t\t\t<div class=\"elementor-column elementor-col-50 elementor-top-column elementor-element elementor-element-ac2ec10\" data-id=\"ac2ec10\" data-element_type=\"column\">\n\t\t\t<div class=\"elementor-widget-wrap elementor-element-populated\">\n\t\t\t\t\t\t<div class=\"elementor-element elementor-element-b5fca80 elementor-widget elementor-widget-heading\" data-id=\"b5fca80\" data-element_type=\"widget\" data-widget_type=\"heading.default\">\n\t\t\t\t<div class=\"elementor-widget-container\">\n\t\t\t\t\t<h4 class=\"elementor-heading-title elementor-size-default\">ku\u015fe etiket, PP etiket, kraft etiket, folyo etiket, metalize etiket...<\/h4>\t\t\t\t<\/div>\n\t\t\t\t<\/div>\n\t\t\t\t<div class=\"elementor-element elementor-element-72b98cd elementor-widget elementor-widget-heading\" data-id=\"72b98cd\" data-element_type=\"widget\" data-widget_type=\"heading.default\">\n\t\t\t\t<div class=\"elementor-widget-container\">\n\t\t\t\t\t<h3 class=\"elementor-heading-title elementor-size-default\">Etiket<\/h3>\t\t\t\t<\/div>\n\t\t\t\t<\/div>\n\t\t\t\t\t<\/div>\n\t\t<\/div>\n\t\t\t\t\t<\/div>\n\t\t<\/section>\n\t\t\t\t<section class=\"elementor-section elementor-top-section elementor-element elementor-element-83dc01c elementor-section-stretched elementor-section-boxed elementor-section-height-default elementor-section-height-default\" data-id=\"83dc01c\" data-element_type=\"section\" data-settings=\"{&quot;stretch_section&quot;:&quot;section-stretched&quot;,&quot;background_background&quot;:&quot;classic&quot;}\">\n\t\t\t\t\t\t<div class=\"elementor-container elementor-column-gap-no\">\n\t\t\t\t\t<div class=\"elementor-column elementor-col-50 elementor-top-column elementor-element elementor-element-e0afc2e\" data-id=\"e0afc2e\" data-element_type=\"column\">\n\t\t\t<div class=\"elementor-widget-wrap elementor-element-populated\">\n\t\t\t\t\t\t<div class=\"elementor-element elementor-element-f642152 elementor-widget elementor-widget-heading\" data-id=\"f642152\" data-element_type=\"widget\" data-widget_type=\"heading.default\">\n\t\t\t\t<div class=\"elementor-widget-container\">\n\t\t\t\t\t<h4 class=\"elementor-heading-title elementor-size-default\">\u00d6zel boyut etiketler d\u00fcnyas\u0131na ho\u015f geldiniz! <\/h4>\t\t\t\t<\/div>\n\t\t\t\t<\/div>\n\t\t\t\t<div class=\"elementor-element elementor-element-9d01a71 elementor-widget elementor-widget-heading\" data-id=\"9d01a71\" data-element_type=\"widget\" data-widget_type=\"heading.default\">\n\t\t\t\t<div class=\"elementor-widget-container\">\n\t\t\t\t\t<h3 class=\"elementor-heading-title elementor-size-default\">Etiket<\/h3>\t\t\t\t<\/div>\n\t\t\t\t<\/div>\n\t\t\t\t<div class=\"elementor-element elementor-element-aa0b818 elementor-widget elementor-widget-text-editor\" data-id=\"aa0b818\" data-element_type=\"widget\" data-widget_type=\"text-editor.default\">\n\t\t\t\t<div class=\"elementor-widget-container\">\n\t\t\t\t\t\t\t\t\t<p>Etiket, bir mal\u0131n t\u00fcr\u00fcn\u00fc, miktar\u0131n\u0131, \u00f6zellikle de fiyat\u0131n\u0131 ve benzer niteliklerini ya da bir defter, kitap ve benzeri bir \u015feyin kimin mal\u0131 oldu\u011funu g\u00f6stermek, belirtmek, belli etmek i\u00e7in \u00fczerlerine konulan ya da yap\u0131\u015ft\u0131r\u0131lan k\u00fc\u00e7\u00fck k\u00e2\u011f\u0131t.<\/p><p>\u00d6zel boyut etiketler d\u00fcnyas\u0131na ho\u015f geldiniz! \u00dcr\u00fcnlerinizi g\u00f6z al\u0131c\u0131 hale getirmek ve markan\u0131z\u0131 en etkileyici \u015fekilde sunmak i\u00e7in do\u011fru yerdesiniz. Baskimo&#8217;nun sundu\u011fu geni\u015f etiket yelpazesi, i\u015fletmenizin her t\u00fcrl\u00fc ihtiyac\u0131n\u0131 kar\u015f\u0131layacak \u00e7\u00f6z\u00fcmler sunuyor. Haydi, bu b\u00fcy\u00fcleyici etiket d\u00fcnyas\u0131na birlikte dalal\u0131m!<\/p><p>\u00a0<\/p><p>\u0130\u015fte size ilham verecek etiket \u00e7e\u015fitlerimiz:<\/p><ul><li><strong>Ku\u015fe etiket<\/strong>: Parlak y\u00fczeyi ile \u00fcr\u00fcnlerinizi \u0131\u015f\u0131ldat\u0131n!<\/li><li><strong>PP etiket<\/strong>: Suya dayan\u0131kl\u0131 yap\u0131s\u0131yla dikkat \u00e7ekin!<\/li><li><strong>Kraft etiket<\/strong>: Do\u011fal g\u00f6r\u00fcn\u00fcm\u00fcyle \u00e7evre dostu bir imaj yarat\u0131n!<\/li><li><strong>I.hamur etiket<\/strong>: Ekonomik \u00e7\u00f6z\u00fcmlerle b\u00fct\u00e7e dostu olun!<\/li><li><strong>Folyo etiket<\/strong>: Dayan\u0131kl\u0131l\u0131\u011f\u0131 ile uzun \u00f6m\u00fcrl\u00fc bir etki b\u0131rak\u0131n!<\/li><li><strong>Metalize etiket<\/strong>: L\u00fcks ve \u015f\u0131kl\u0131\u011f\u0131 \u00fcr\u00fcnlerinize ta\u015f\u0131y\u0131n!<\/li><\/ul>\t\t\t\t\t\t\t\t<\/div>\n\t\t\t\t<\/div>\n\t\t\t\t\t<\/div>\n\t\t<\/div>\n\t\t\t\t<div class=\"elementor-column elementor-col-50 elementor-top-column elementor-element elementor-element-16870f9\" data-id=\"16870f9\" data-element_type=\"column\" data-settings=\"{&quot;background_background&quot;:&quot;classic&quot;}\">\n\t\t\t<div class=\"elementor-widget-wrap elementor-element-populated\">\n\t\t\t\t\t\t<div class=\"elementor-element elementor-element-66279b2 elementor-widget elementor-widget-printify_about_left\" data-id=\"66279b2\" data-element_type=\"widget\" data-widget_type=\"printify_about_left.default\">\n\t\t\t\t<div class=\"elementor-widget-container\">\n\t\t\t\t\t\t\t\n\t\t\n\t\t<section class=\"kuk welcome-section sec-pad\">\n\t\t\t<div class=\"thm-container\">\n\t\t\t\t<div class=\"row\">\n\t\t\t\t\t<div class=\"col-md-12\">\n\t\t\t\t\t\t<div class=\"img-box\">\n\t\t\t\t\t\t\t<div class=\"welcome-img-box\">\n\t\t\t\t\t\t\t\t\t\t\t\t\t\t\t\t<img decoding=\"async\" src=\"https:\/\/cevizbasim.com\/wp-content\/uploads\/2021\/01\/welcome-1-1.jpg\" alt=\"\"\/>\n\t\t\t\t\t\t\t\t\t\t\t\t\t\t\t<\/div><!-- \/.welcome-img-box -->\n\t\t\t\t\t\t\t<div class=\"welcome-img-box-two\">\n\t\t\t\t\t\t\t\t\t\t\t\t\t\t\t\t<img decoding=\"async\" src=\"https:\/\/cevizbasim.com\/wp-content\/uploads\/2025\/02\/etiket-welcome-1-2.jpg\" alt=\"\"\/>\n\t\t\t\t\t\t\t\t\t\t\t\t\t\t\t<\/div>\n\t\t\t\t\t\t<\/div>\n\t\t\t\t\t<\/div>\n\t\t\t\t<\/div>\n\t\t\t<\/div>\n\t\t<\/section>\n                   \n                \n\t\t\t\t\t\t<\/div>\n\t\t\t\t<\/div>\n\t\t\t\t\t<\/div>\n\t\t<\/div>\n\t\t\t\t\t<\/div>\n\t\t<\/section>\n\t\t\t\t<\/div>\n\t\t","protected":false},"excerpt":{"rendered":"<p>ku\u015fe etiket, PP etiket, kraft etiket, folyo etiket, metalize etiket&#8230; Etiket \u00d6zel boyut etiketler d\u00fcnyas\u0131na ho\u015f geldiniz! Etiket Etiket, bir mal\u0131n t\u00fcr\u00fcn\u00fc, miktar\u0131n\u0131, \u00f6zellikle de fiyat\u0131n\u0131 ve benzer niteliklerini ya da bir defter, kitap ve benzeri bir \u015feyin kimin mal\u0131 oldu\u011funu g\u00f6stermek, belirtmek, belli etmek i\u00e7in \u00fczerlerine konulan ya da yap\u0131\u015ft\u0131r\u0131lan k\u00fc\u00e7\u00fck k\u00e2\u011f\u0131t. \u00d6zel boyut [&hellip;]<\/p>\n","protected":false},"author":1,"featured_media":0,"parent":0,"menu_order":0,"comment_status":"closed","ping_status":"closed","template":"elementor_header_footer","meta":{"footnotes":""},"class_list":["post-9114","page","type-page","status-publish","hentry"],"_links":{"self":[{"href":"https:\/\/cevizbasim.com\/index.php?rest_route=\/wp\/v2\/pages\/9114","targetHints":{"allow":["GET"]}}],"collection":[{"href":"https:\/\/cevizbasim.com\/index.php?rest_route=\/wp\/v2\/pages"}],"about":[{"href":"https:\/\/cevizbasim.com\/index.php?rest_route=\/wp\/v2\/types\/page"}],"author":[{"embeddable":true,"href":"https:\/\/cevizbasim.com\/index.php?rest_route=\/wp\/v2\/users\/1"}],"replies":[{"embeddable":true,"href":"https:\/\/cevizbasim.com\/index.php?rest_route=%2Fwp%2Fv2%2Fcomments&post=9114"}],"version-history":[{"count":10,"href":"https:\/\/cevizbasim.com\/index.php?rest_route=\/wp\/v2\/pages\/9114\/revisions"}],"predecessor-version":[{"id":9284,"href":"https:\/\/cevizbasim.com\/index.php?rest_route=\/wp\/v2\/pages\/9114\/revisions\/9284"}],"wp:attachment":[{"href":"https:\/\/cevizbasim.com\/index.php?rest_route=%2Fwp%2Fv2%2Fmedia&parent=9114"}],"curies":[{"name":"wp","href":"https:\/\/api.w.org\/{rel}","templated":true}]}}